 prime factors of c?
2, 5
Suppose 6 = 3*r - 18. List the prime factors of (-10)/((-2)/r*1).
2, 5
Suppose -3*f = 5*y - 488, -188 = -4*y + 2*y - 3*f. What are the prime factors of y?
2, 5
Suppose 5 = -4*r + 5*r. Suppose 0 = 4*t + 1 - r. Let l = t - -4. List the prime factors of l.
5
Let c = -5 - -8. Let z(l) = -5*l - 4. Let s(i) = 9*i + 7. Let b(a) = c*s(a) + 5*z(a). What are the prime factors of b(3)?
7
Let o(c) = 2*c**3 - 5*c**2 - 6*c + 1. What are the prime factors of o(6)?
7, 31
Suppose 5*z - 92 = -0*z - 2*o, 2*o + 16 = z. Suppose 7 = -4*d + 31. List the prime factors of ((-5)/(-3))/(d/z).
5
Let f = 51 - -69. What are the prime factors of f?
2, 3, 5
Suppose -4*t - n + 5*n - 40 = 0, t - 4*n + 13 = 0. Let g = -6 - t. Suppose 0*d - g = -d. What are the prime factors of d?
3
Let j(b) = -2*b**3 + 15*b**2 + 15*b + 16. Let d(s) = -3*s**3 + 29*s**2 + 29*s + 32. Let t(c) = 3*d(c) - 5*j(c). What are the prime factors of t(-11)?
5
Let p be 1/(((-6)/(-3))/6). Suppose 46 = p*o + k, -2*k + 90 = 5*o + 12. What are the prime factors of o?
2, 7
Suppose 2*g - 80 = 3*h + 9, -3*g + 3*h + 135 = 0. What are the prime factors of g?
2, 23
Suppose 24 = 2*t - 10. What are the prime factors of t?
17
Let h be (-3 - -1)/2 - -3. Suppose -h*g + 10 = 0, 0*g + 3*g = -2*c + 25. What are the prime factors of c?
5
Let w be 3/6 - (-110)/(-4). Let u = 0 - w. What are the prime factors of u?
3
Let c = 37 + -29. List the prime factors of c.
2
Let o = 61 + -86. Let g be (-4)/18 - o/(-9). List the prime factors of g/(-2)*(-88)/(-12).
11
Let l(h) = -h**3 - 6*h**2 - 14*h + 3. What are the prime factors of l(-7)?
2, 3, 5
Let f(y) = -3*y**3 + 2*y + 1. Let i be f(-1). Let a = 4 - i. Suppose -2*v - 2*v = 5*n - 48, -3*n = -a*v - 42. List the prime factors of n.
2, 3
Suppose 5*k = k + 24. Let j be (-3)/(-2)*k + -1. Suppose j + 2 = 5*d. What are the prime factors of d?
2
Let b(n) = -88*n + 40. What are the prime factors of b(-3)?
2, 19
Let f = -14 - -30. What are the prime factors of 2/(-3 - (-50)/f)?
2
Let w = 5 + -3. What are the prime factors of w?
2
Let q = 66 + 69. What are the prime factors of q?
3, 5
Let m = 18 + -10. List the prime factors of m.
2
Let h(w) = 4*w**2 + 8*w - 2. Let c(y) = y**2 + y. Let l(z) = -5*c(z) + h(z). Let a be l(3). What are the prime factors of (5/a)/(4/(-8))?
5
Suppose g = -5*a - 5, -a - 20 = -3*a + 4*g. Let b be a/(5 - (-9)/(-3)). Suppose k = -2*w - b*k + 24, 0 = -2*k. What are the prime factors of w?
2, 3
Let s(k) = -2*k. Let x be s(-7). Let n = -2 + x. What are the prime factors of n?
2, 3
Let z be (-5)/20 - 93/(-4). Let t = -14 + z. List the prime factors of t.
3
Let u(p) = -7*p - 10. What are the prime factors of u(-11)?
67
Let i = -15 - -2. Suppose 3*o - 4*o - 26 = 0. Let s = i - o. What are the prime factors of s?
13
Let z be ((-3)/6)/(1/(-2)). What are the prime factors of -2*z*42/(-12)?
7
Suppose -o + 5 = -2*o. Let r be (-2 - -3)/((-1)/o). Let d = r + 4. What are the prime factors of d?
3
Let s(q) = -69*q**3 - 3*q**2 + 2*q + 4. List the prime factors of s(-1).
2, 17
Suppose 3*h - 276 = -h + 4*a, -4*h - a = -296. List the prime factors of h.
73
Suppose 0*r - r + b + 5 = 0, 5*r + 5*b - 5 = 0. Let l = -2 - -4. Let p = r + l. What are the prime factors of p?
5
Let f be (2/4)/((-4)/56). Let n = -5 - f. List the prime factors of 4*-1*(-3 + n).
2
Suppose 7 = 2*d - 5. What are the prime factors of d?
2, 3
Suppose 0*x = x - 5. Let c be (1 + (-117)/(-6))*2. Suppose -a = -x*p + c, 2*p = 5*a - a + 2. What are the prime factors of p?
3
List the prime factors of (-6)/4 + (-1023)/(-22).
3, 5
Suppose 4*v + 165 = 5*q - 1149, 4*q - 3*v = 1051. What are the prime factors of q?
2, 131
Suppose 4*w - 17 = w - 2*z, 0 = z - 4. Let m = 19 - 17. Suppose 4*n - 33 = -m*a + w*a, 2*n + a - 15 = 0. List the prime factors of n.
2
Let p(r) = -r**2 - 9*r + 1. Let b(y) = -2*y**2 - 18*y + 4. Let f(m) = 3*b(m) - 5*p(m). Let v be (7/(-4))/((-2)/(-8)). List the prime factors of f(v).
3, 7
Let j = 4 + 0. Let z(y) = 6*y**3 - 2*y**2 + 4*y + 7. Let t(d) = 5*d**3 - d**2 + 3*d + 6. Let a(b) = j*z(b) - 5*t(b). List the prime factors of a(-4).
2, 5
Let d(m) = -m**3 - 6*m**2 + 8*m + 10. Let h be d(-7). Suppose 4*x - 5 = h. What are the prime factors of x?
2
Let i(g) = -g + 9. Let y be i(6). Let q(w) = 9*w - 1. What are the prime factors of q(y)?
2, 13
What are the prime factors of (9 - 2)*((-236)/(-14) + 4)?
2, 73
Let d(k) = k**3 + 10*k**2 + 10*k + 9. Let r be d(-9). Suppose y + 3*u = -5, 3*y - 3*u - 14 - 7 = r. Suppose y*q = 1 + 23. List the prime factors of q.
2, 3
Let k(i) = 2*i**2 + 5*i + 2. Let f be k(-8). Suppose 2*g - 36 = 5*o, 5*g - f = -0*o - o. List the prime factors of g.
2, 3
What are the prime factors of -1 - (-114 - 1)/1?
2, 3, 19
Let s(i) = i**3 + 4*i**2 - 6*i - 2. Let q be s(-5). Suppose 4*m - 49 = -3*h, q*h - 2*m + 3*m - 46 = 0. What are the prime factors of h?
3, 5
Let i(u) = 6*u**2 + u - 3. List the prime factors of i(-2).
19
Let v be 2/10*50/10. Let s(d) = d - 1. Let r(g) = -4*g**2. Let a(t) = -r(t) + s(t). List the prime factors of a(v).
2
Let u(f) = f**3 - 6*f**2 + 2*f - 7. Let i be u(6). Let l(s) = -s**3 + 0*s**3 + 0*s**2 - 2 - i*s**2 - s. What are the prime factors of l(-5)?
3
Let v = 57 - 29. What are the prime factors of v?
2, 7
Let v = -3 - -7. List the prime factors of v.
2
Let b = 1 + -1. Suppose b*k = -3*k + 12. What are the prime factors of k?
2
Suppose r + r + 5*m = 21, -7 = r - m. What are the prime factors of (0 - 2)*9/r?
3
Suppose -2*r + 84 = 4*l - 66, -5*r - 93 = -2*l. Suppose -4*f = f + 10, 2*f = 5*j - l. Let g(m) = -m**3 + 7*m**2 + 3*m - 8. What are the prime factors of g(j)?
13
Let a(u) = -u**3 + 5*u**2 - 4*u - 1. Let q be a(4). What are the prime factors of q/(2 - 74/36)?
2, 3
Suppose -2*z = -40 - 70. List the prime factors of z.
5, 11
Suppose 0*g + 2*g - 3*b - 10 = 0, b = 3*g - 8. Suppose -8 + g = -2*j. List the prime factors of j.
3
Let f = -6 - -11. Suppose -f*z = -a, -a + 3*z = 6*z. Suppose -b = -3*t + 27, a = -5*t - 5*b + 21 + 24. List the prime factors of t.
3
Suppose 5*f + 8 = 6*f. What are the prime factors of f?
2
Let k = -117 + 194. What are the prime factors of k?
7, 11
Let u be 3*2 + (-2)/2. Let w be 28/(-5) + (-2)/u. Let q = w + 12. List the prime factors of q.
2, 3
Let j(w) = -7*w + 4. List the prime factors of j(-11).
3
Suppose -2*z + 3 = -3*c - 0, 0 = -5*c - 2*z + 11. What are the prime factors of 1/c + (2 - -8)?
11
Suppose 0 = -5*k - c + 59, c - 36 = -3*k - 1. Let n be -10*(-3)/k*-2. Let u = 22 + n. What are the prime factors of u?
17
Suppose -5*v + 298 = -37. Suppose -5*k = -4*p - 133, -3*k = 2*p + 2*p - v. What are the prime factors of k?
5
Let t(r) = r**3 - r**2 - 4*r + 3. Let d be t(4). Suppose -5*x - 4*m + d = 0, -3*m + 6 - 43 = -2*x. List the prime factors of x.
11
Suppose 3*p = -13 - 62. Let x be ((-20)/3)/(1/(-6)). Let k = x + p. List the prime factors of k.
3, 5
Let i(u) = -2*u - 1. Let v be i(-3). Suppose -v*r + 56 = -3*j + j, -30 = -2*r - 3*j. Suppose 0 = 5*h - 6*h + r. What are the prime factors of h?
2, 3
Suppose -255 = 19*t - 24*t. What are the prime factors of t?
3, 17
Let m(s) = -s**3 + 20. Suppose -2*p = -4*t + 2*p + 12, 15 = -2*t - 5*p. List the prime factors of m(t).
2, 5
Let i = -5 - -29. Suppose -3*q + i = -0*q. What are the prime factors of q?
2
Suppose -2*d - 16 = -6*d + 2*i, 20 = 5*d - 4*i. Suppose -u + 140 = d*w - 4*u, -5*w = -2*u - 175. Suppose 0 = 2*y - 7*y + w. What are the prime factors of y?
7
Suppose -5*x - 13 + 107 = 3*i, x = 4*i - 87. List the prime factors of i.
23
Suppose -2*n - 2*r = -6, 5*r = -2*n - 0*n + 9. Suppose -6 = n*y - 3*y. What are the prime factors of y?
2, 3
Suppose -5*h - 4*v + 145 - 3 = 0, 0 = 3*h + v - 81. Let g = 48 - h. Suppose 0 = 4*d - u - 13 - g, 13 = 2*d + u. What are the prime factors of d?
2
Suppose -2*m - 3*m + 528 = -z, 3*z + 9 = 0. What are the prime factors of m?
3, 5, 7
Suppose 0 = -i - i. Suppose i = 2*u + 4, -4*u = -4*x + 6*x - 24. List the prime factors of x.
2
Suppose -3*k + 6 = -3. Suppose -k + 0 = -i. Suppose -i*d - o + 6 + 23 = 0, -2 = -o. What are the prime factors of d?
3
Suppose 0 = 7*o - 4*o - 120. What are the prime factors of o?
2, 5
What are the prime factors of (-7)/(105/(-102) - (-1 + 0))?
2, 7, 17
Let s(t) = 2*t**3 - 19*t**2 - 21*t + 1. Let h(v) = -v**3 + 9*